st common divisor of 8625 and 3910?
115
What is the highest common factor of 459 and 3018573?
27
What is the greatest common factor of 1076407 and 27512?
3439
What is the highest common factor of 718 and 271766231?
359
Calculate the greatest common divisor of 174880 and 32720.
80
What is the highest common divisor of 18987 and 1335?
3
What is the greatest common factor of 115248 and 3276?
84
What is the greatest common divisor of 12 and 69772821?
3
What is the greatest common factor of 421032 and 7526?
106
What is the greatest common factor of 175910 and 1580?
10
What is the highest common factor of 39 and 62155444?
13
What is the greatest common divisor of 61 and 489276791?
61
What is the highest common divisor of 1116 and 160402308?
372
Calculate the highest common factor of 16897364 and 37996.
5428
What is the greatest common divisor of 172767 and 55727?
133
What is the highest common factor of 406 and 52921810?
58
Calculate the highest common divisor of 3540738 and 6.
6
Calculate the highest common divisor of 14315101 and 586.
293
Calculate the highest common divisor of 293 and 166259627.
293
What is the highest common divisor of 788166 and 342?
18
Calculate the greatest common factor of 3551 and 675963.
67
What is the greatest common divisor of 72067479 and 44?
11
Calculate the highest common divisor of 50907745 and 26897.
2069
Calculate the greatest common factor of 275148578 and 145.
29
Calculate the greatest common divisor of 3991090 and 73695.
1445
What is the highest common factor of 2091 and 10956512?
41
Calculate the highest common factor of 16034448 and 1392.
1392
Calculate the greatest common divisor of 2320200 and 156.
12
What is the highest common factor of 179234 and 11?
11
Calculate the highest common factor of 724 and 28436.
4
What is the highest common divisor of 1521202 and 141?
47
Calculate the highest common factor of 305487 and 33345.
117
What is the highest common divisor of 143 and 31403801?
143
What is the highest common factor of 16929 and 20237679?
1881
Calculate the greatest common factor of 197823 and 100533.
3243
Calculate the highest common factor of 2763921 and 7061.
307
Calculate the greatest common divisor of 1085242 and 15352.
38
Calculate the highest common factor of 6720 and 600816.
48
What is the highest common factor of 129 and 240021?
3
Calculate the highest common divisor of 47214510 and 165.
15
Calculate the greatest common factor of 147 and 235321.
1
Calculate the greatest common factor of 5741439 and 429.
33
What is the greatest common factor of 106900596 and 10476?
3492
What is the highest common divisor of 1775 and 75962190?
355
What is the greatest common factor of 53045 and 130?
5
What is the greatest common factor of 8736 and 79888?
16
Calculate the highest common factor of 1096 and 2048205896.
1096
What is the highest common factor of 5901 and 32581388?
1967
What is the highest common factor of 31388855 and 475?
95
Calculate the highest common factor of 2640 and 216655120.
880
Calculate the greatest common divisor of 395 and 34350780.
395
Calculate the greatest common divisor of 10012413 and 15.
3
Calculate the greatest common divisor of 52696 and 398.
2
Calculate the highest common divisor of 13339970 and 186697.
1043
Calculate the highest common factor of 1784 and 6662348.
892
Calculate the highest common divisor of 35 and 764965.
5
Calculate the greatest common factor of 77473463 and 349.
349
What is the greatest common factor of 83494390 and 3010?
3010
What is the greatest common divisor of 31465414 and 4978?
262
What is the highest common divisor of 128 and 798078592?
128
Calculate the greatest common divisor of 28652 and 42012648.
2204
Calculate the greatest common divisor of 2773 and 588957.
47
Calculate the highest common divisor of 5870 and 90870.
10
Calculate the highest common factor of 6708520 and 152.
152
What is the highest common divisor of 14098 and 24408673?
1007
What is the greatest common factor of 6416385 and 61800?
1545
Calculate the highest common factor of 868131 and 8473.
37
What is the greatest common factor of 25290 and 305595?
45
Calculate the greatest common divisor of 6824 and 2103208.
8
What is the highest common divisor of 167916 and 1257900?
84
What is the greatest common divisor of 15761640 and 8740?
380
What is the greatest common divisor of 3009356 and 193564?
868
What is the greatest common divisor of 404 and 31215868?
404
What is the greatest common divisor of 1918528 and 4464?
496
What is the highest common factor of 740641 and 12221?
121
What is the highest common divisor of 182 and 152334078?
26
What is the highest common factor of 263602 and 8?
2
Calculate the greatest common divisor of 159 and 181049007.
159
Calculate the greatest common divisor of 237225 and 366908.
3163
What is the greatest common divisor of 876460788 and 63?
63
Calculate the highest common factor of 47233 and 45648.
317
Calculate the greatest common divisor of 6108505 and 338.
169
Calculate the highest common divisor of 359091012 and 588.
588
What is the highest common divisor of 11 and 5159115511?
11
Calculate the greatest common factor of 32034 and 21197516.
562
Calculate the greatest common factor of 110 and 55391512.
22
Calculate the greatest common factor of 142381033 and 45256.
5657
Calculate the highest common factor of 220799880 and 2520.
2520
What is the highest common divisor of 110897065 and 47490?
7915
What is the greatest common divisor of 685268237 and 562?
281
Calculate the greatest common divisor of 497 and 125850340.
497
What is the greatest common divisor of 65596092 and 31165?
6233
What is the highest common factor of 42601 and 195663?
377
Calculate the greatest common factor of 118745665 and 230.
115
What is the highest common factor of 402675 and 21567?
273
What is the greatest common factor of 200086 and 746?
2
What is the highest common factor of 20448 and 496503?
639
Calculate the greatest common factor of 1951235 and 592020.
715
Calculate the highest common divisor of 120 and 101369505.
15
What is the greatest common factor of 55997008 and 12736?
3184
Calculate the greatest common factor of 119586 and 12882.
114
Calculate the highest common divisor of 59 and 1867769.
1
What is the highest common divisor of 189 and 778554?
63
Calculate the greatest common factor of 2868 and 5541693.
717
Calculate the greatest common factor of 58686 and 207906.
6
Calculate the highest common factor of 1816464 and 1104.
48
What is the greatest common factor of 59 and 302123483?
59
Calculate the highest common divisor of 10166 and 17702134.
782
Calculate the greatest common divisor of 77713399 and 802.
401
Calculate the highest common divisor of 387996 and 10140.
12
Calculate the highest common factor of 1483914 and 3105.
69
What is the highest common divisor of 207045 and 114165?
1935
What is the greatest common divisor of 7989044 and 56?
28
Calculate the highest common divisor of 5234014 and 1128.
94
What is the greatest common divisor of 1743508 and 14716?
52
Calculate the greatest common factor of 288602 and 18306.
226
Calculate the greatest common factor of 11 and 122923735.
11
Calculate the highest common divisor of 52941056 and 1792.
1792
Calculate the highest common divisor of 4309515 and 735.
105
What is the highest common divisor of 7672891 and 99828?
2773
What is the highest common divisor of 5025 and 679425?
75
What is the highest common factor of 2920064 and 288?
32
What is the greatest common factor of 7924392 and 42336?
1512
What is the highest common divisor of 1436624 and 38178?
1414
What is the highest common factor of 52293 and 11181?
3
What is the highest common divisor of 133461484 and 65?
13
Calculate the greatest common factor of 115524325 and 14.
7
What is the highest common factor of 16910841 and 279?
93
What is the greatest common factor of 11043890 and 957?
11
What is the greatest common factor of 1398538 and 138?
46
Calculate the highest common divisor of 1146 and 2712.
6
Calculate the highest common factor of 18630 and 224940.
690
Calculate the greatest common factor of 513 and 2431107.
513
What is the greatest common divisor of 48877548 and 252?
12
What is the greatest common factor of 24360 and 31604055?
3045
Calculate the greatest common fac